2).
-12
Let o(t) = -143895*t - 143889. Calculate o(-1).
6
Let i(m) = 9351*m - 813377. Give i(87).
160
Let z(a) = -a**2 - 2175*a - 17337. What is z(-8)?
-1
Let k(d) = 9050*d - 63856. Determine k(7).
-506
Let v(k) = k**3 - 1086*k**2 + 7526*k + 29121. Give v(1079).
-12
Let q(o) = o**3 - 53*o**2 + 298*o - 137. Calculate q(46).
-1241
Let p(h) = -14*h**2 - 291*h - 1224. Calculate p(-11).
283
Let s(o) = -o**3 - 1271*o**2 - 854*o - 1085435. What is s(-1271)?
-1
Let d(c) = 84*c - 2316. Give d(27).
-48
Let x(u) = -u**3 + 19*u**2 - 618*u - 4595. What is x(-6)?
13
Let m(h) = -1307*h - 32672. Give m(-25).
3
Let c(j) = -6896*j + 400018. What is c(58)?
50
Let x(a) = -2*a**3 + 28*a**2 - 105*a - 19. Give x(5).
-94
Let r(n) = 4*n**3 - 1910*n**2 + 990*n - 17040. Calculate r(477).
132
Let g(d) = -d**3 - 48*d**2 + 124*d + 2668. What is g(-49)?
-1007
Let t(u) = u**3 - 8*u**2 - 98*u + 343. Calculate t(3).
4
Let b(l) = 16190*l + 12385352. What is b(-765)?
2
Let n(j) = -125374*j - 1253715. Determine n(-10).
25
Let m(t) = 117*t**3 + 1522*t**2 - 154*t - 2170. What is m(-13)?
1
Let x(j) = -j**3 + 109*j**2 + 6687*j + 6880. Calculate x(153).
-5
Let t(l) = -97*l + 13956. Determine t(156).
-1176
Let s(j) = -42*j**2 - 5078*j + 534. What is s(-121)?
50
Let k(p) = -p**3 + 149*p**2 + 3195*p - 407. Calculate k(168).
97
Let o(h) = -23*h**3 - 3289*h**2 - 8*h - 792. What is o(-143)?
352
Let y(b) = b**3 - 105*b**2 - 552*b + 2637. Give y(110).
2417
Let g(b) = 19*b**3 - 18*b**2 - 60*b + 12. What is g(-2)?
-92
Let h(z) = -1021834*z - 1021795. Calculate h(-1).
39
Let g(d) = -1366*d - 5462. What is g(-4)?
2
Let u(c) = -c**3 + 254*c**2 + 13466*c - 3255. What is u(299)?
34
Let i(q) = -3*q**3 + 102*q**2 - 798*q + 56. Determine i(12).
-16
Let h(y) = -224*y**2 - 179*y + 84. Determine h(0).
84
Let v(m) = 2169*m**2 - 25974*m - 639. Determine v(12).
9
Let m(p) = 3257*p - 76996. What is m(24)?
1172
Let q(i) = -21041*i - 610227. Calculate q(-29).
-38
Let f(t) = -522*t - 1086. What is f(4)?
-3174
Let h(f) = f**2 + 190*f - 5510. Determine h(25).
-135
Let g(z) = -z**2 + 1622*z - 90737. Give g(58).
-25
Let f(o) = -180*o**2 - 8471*o - 431. Give f(-47).
86
Let h(n) = 370*n + 4050. What is h(-11)?
-20
Let l(q) = q**3 - 9*q**2 - 534*q + 30. Calculate l(-19).
68
Let j(y) = 6*y + 1125. What is j(-142)?
273
Let l(y) = 1293*y - 3906. Give l(3).
-27
Let v(d) = -6*d**2 + 436*d - 261. Calculate v(72).
27
Let t(b) = -14*b**2 + 101*b - 1071. What is t(10)?
-1461
Let p(u) = 9*u**2 - 68*u + 112. Calculate p(5).
-3
Let k(x) = -x**2 + 277*x - 6784. Calculate k(33).
1268
Let i(s) = -5831*s + 23322. Calculate i(4).
-2
Let s(t) = t**2 + 96*t + 125. What is s(-56)?
-2115
Let z(f) = 37*f + 311. Calculate z(7).
570
Let i(t) = -124*t**2 + 12*t + 30. Give i(-2).
-490
Let x(l) = l**3 + 29*l**2 - 151*l - 5197. Determine x(-27).
338
Let p(s) = s**3 - 100*s**2 - 4273*s - 15427. Give p(133).
1
Let m(c) = 137*c + 1172. What is m(-7)?
213
Let g(t) = -12291*t - 221567. Calculate g(-18).
-329
Let f(k) = k**3 - 58*k**2 - 97*k - 463. What is f(60)?
917
Let r(b) = 31*b**2 - 105*b - 511. What is r(-4)?
405
Let y(b) = 384*b - 3103. Give y(15).
2657
Let d(a) = -33801*a + 1. Give d(0).
1
Let o(w) = 568*w**2 + 7382*w - 33. Calculate o(-13).
-7
Let s(r) = -2*r**2 - 350*r - 5285. Calculate s(-17).
87
Let j(k) = 1650*k - 485107. Give j(294).
-7
Let r(z) = 3124*z. What is r(0)?
0
Let y(m) = 152*m**2 - 3186*m - 95. Give y(21).
31
Let j(f) = -629*f**3 - 3*f**2 - 32*f - 29. Calculate j(-1).
629
Let n(t) = 37*t**2 - 1147*t - 138. Calculate n(31).
-138
Let c(o) = -3*o**2 + 1770*o + 12540. Calculate c(-7).
3
Let s(g) = 3048667*g - 18292007. Determine s(6).
-5
Let l(k) = -2*k**3 + 168*k**2 + 47*k - 3909. Give l(84).
39
Let h(g) = 3*g**3 - 508*g + 222. Give h(0).
222
Let f(r) = 98191*r + 1374618. Determine f(-14).
-56
Let j(f) = 99*f**2 + 231*f + 697. Calculate j(-3).
895
Let j(a) = -a**2 + 1392*a + 189626. Determine j(-125).
1
Let o(q) = q**3 + 182*q**2 + 8206*q - 894. Calculate o(-83).
19
Let f(z) = -z**3 + 87*z**2 + 11215*z + 393. What is f(158)?
-81
Let j(u) = -u**3 - 17*u**2 - 41*u - 315. Determine j(-18).
747
Let n(p) = -67*p**2 + 22971*p - 19496. Calculate n(342).
-2
Let b(c) = -5*c**2 + 346*c - 3823. What is b(54)?
281
Let j(o) = -4*o**2 - 212*o + 145. Give j(-54).
-71
Let t(o) = -48612*o + 826299. Calculate t(17).
-105
Let l(w) = 2*w**3 + 154*w**2 + 138*w - 1052. Determine l(-76).
12
Let u(s) = -s**3 - 2*s**2 + 1512*s - 115. Calculate u(-40).
205
Let p(o) = 12*o**2 - 1880*o + 28438. Determine p(17).
-54
Let t(u) = 11*u**3 + 7*u**2 + 27*u + 26. Give t(-1).
-5
Let f(h) = 51*h**2 - 2121*h + 22. Calculate f(42).
904
Let z(l) = 172*l**2 + 16*l - 6. Determine z(2).
714
Let l(x) = -774*x + 48277. Calculate l(62).
289
Let k(l) = -44*l + 2206. What is k(49)?
50
Let m(a) = 43648*a - 349180. What is m(8)?
4
Let c(o) = o**3 + 27*o**2 + 763*o - 1521. Give c(2).
121
Let m(f) = 1389*f - 84734. Calculate m(61).
-5
Let i(v) = -v**2 + 1121*v - 10013. What is i(9)?
-5
Let w(x) = -2*x**3 - 34*x**2 - 126*x - 2108. Give w(-16).
-604
Let j(c) = -c**3 - 399*c**2 - 1618*c - 15034. Calculate j(-395).
-24
Let t(p) = -604*p**2 + 44*p + 3. Give t(2).
-2325
Let j(a) = 124*a**2 - 59767*a - 287. What is j(482)?
195
Let f(h) = 155710*h + 1245690. Determine f(-8).
10
Let c(k) = 18*k**2 + 266*k + 11. Calculate c(-16).
363
Let f(q) = 2536*q + 169860. What is f(-67)?
-52
Let u(v) = -1009228*v + 18166099. Give u(18).
-5
Let p(a) = -2*a**2 + 8500*a + 552208. Calculate p(-64).
16
Let a(w) = w**2 + 26281*w + 240. Give a(0).
240
Let w(h) = 8*h**2 - 3106*h - 569073. What is w(524)?
-9
Let f(i) = 1322*i**2 - 38365*i + 786. Give f(29).
3
Let w(q) = -3*q**3 + 6*q**2 - 76*q + 473. Calculate w(6).
-415
Let c(v) = 5*v**2 - 1981*v + 36227. What is c(377)?
35
Let p(a) = 157*a**2 - 3798*a + 13153. Give p(20).
-7
Let c(k) = -537*k**2 - 9669*k - 37. Calculate c(-18).
17
Let j(b) = 323*b - 1529. Calculate j(7).
732
Let n(l) = -1546*l**2 - 1625*l + 8. What is n(-1)?
87
Let k(j) = 13*j**3 - 2797*j**2 + 8695*j + 106. What is k(212)?
742
Let v(r) = 14*r**2 + 27507*r - 193273. Give v(7).
-38
Let f(t) = 381*t - 52572. Give f(138).
6
Let p(d) = d**3 - 1093*d - 13027. Give p(-15).
-7
Let x(v) = -v**2 + 40*v + 6959. Determine x(-68).
-385
Let j(w) = -5*w**2 + 85*w + 353. Calculate j(20).
53
Let m(k) = 7*k**2 - 7489*k + 189947. Determine m(26).
-35
Let k(d) = 218*d + 7375. What is k(-36)?
-473
Let i(h) = -h**2 - 1469*h + 11814. Determine i(8).
-2
Let b(l) = 2*l**2 - 121753*l + 730436. Calculate b(6).
-10
Let y(a) = -3*a**2 + 261*a + 2280. Calculate y(94).
306
Let k(f) = -3182*f + 54074. Calculate k(17).
-20
Let g(r) = -4*r**3 + 266*r**2 + 238*r - 6098. Give g(67).
870
Let x(v) = -51*v - 1078. Calculate x(-2).
-976
Let g(j) = 461345*j + 7381520. Calculate g(-16).
0
Let w(g) = -7321*g - 51101. What is w(-7)?
146
Let u(j) = 152*j - 3303. Give u(12).
-1479
Let w(o) = -3*o**2 + 593*o + 21559. Give w(229).
33
Let l(r) = -2279*r**2 - 20515*r - 28. Calculate l(-9).
8
Let r(u) = -3522*u + 77488. Determine r(22).
4
Let z(w) = -w**2 + 1509*w + 18387. What is z(-12)?
135
Let f(s) = -s**3 + 79*s**2 + 1020*s + 250. Determine f(-11).
-80
Let m(h) = -1233*h + 37985. What is m(30)?
995
Let p(u) = -21048*u - 1410271. Determine p(-67).
-55
Let d(h) = -h**2 + 4107*h + 472531. Give d(-112).
3
Let f(o) = 12552*o**2 - 100413*o - 14. Give f(8).
10
Let j(w) = -50*w**3 + 11*w**2 + 31*w + 27. Give j(-2).
409
Let v(a) = 21952*a + 43874. Give v(-2).
-30
Let o(w) = w**3 - 635*w**2 - 73501*w + 797. Give o(735).
62
Let w(h) = -h**2 + 1221*h - 13570. Determine w(11).
-260
Let r(x) = 7684*x - 145778. Calculate r(19).
218
Let k(c) = c**3 - 41*c**2 - 92946*c + 3627921. Determine k(39).
-15
Let y(l) = l**2 - 2199107*l + 8796409. Calculate y(4).
-3
Let m(r) = 4*r**2 - 28*r + 163. Give m(8).
195
Let r(n) = -29196*n + 934266. Calculate r(32).
-6
Let k(o) = 2*o**3 + 43*o**2 + 123*o + 1459. What is k(-20)?
199
Let t(v) = 5*v**3 - 20*v**2 - 57*v - 11. Give t(-4).
-423
Let g(k) = -k**3 + 18*k**2 - 155*k + 303. Calculate g(9).
-363
Let g(m) = 3*m**2 + 55*m - 121943. What is g(-211)?
15
Let o(g) = 2*g**3 + 102*g**2 - 879*g + 3821. Determine o(-59).
-14
Let g(k) = 3*k**2 + 240*k - 21254. Calculate g(51).
-1211
Let x(z) = 2*z**3 + 612*z**2 + 653*z + 13